{"id":94,"date":"2026-03-11T18:53:07","date_gmt":"2026-03-11T18:53:07","guid":{"rendered":"http:\/\/chatgptmatuer.fr\/?page_id=94"},"modified":"2026-03-25T08:42:21","modified_gmt":"2026-03-25T08:42:21","slug":"tout-ce-que-vous-avez-toujours-voulu-savoir-sur-le-sexe-et-lia-sans-oser-le-demander","status":"publish","type":"page","link":"https:\/\/chatgptmatuer.fr\/index.php\/tout-ce-que-vous-avez-toujours-voulu-savoir-sur-le-sexe-et-lia-sans-oser-le-demander\/","title":{"rendered":"Tout ce que vous avez toujours voulu savoir sur le sexe et l&rsquo;IA sans oser le demander &#8211; Everything You Always Wanted to Know About Sex and AI (But Were Afraid to Ask)"},"content":{"rendered":"\n<p class=\"has-text-align-center\"><strong>Ces r\u00e9cits sont des fictions inspir\u00e9es, parfois, par des faits rapport\u00e9s par la presse \/ These stories are fictional, some are partly based on real stories<\/strong><\/p>\n\n\n\n<p class=\"has-text-align-center\"><strong>AI ! mon dildo<\/strong> ! &#8211; AI! my Dildo!<\/p>\n\n\n\n<p class=\"has-text-align-center\"><strong>Mon IA m&rsquo;a ghost\u00e9e<\/strong> &#8211; My AI ghosted me<\/p>\n\n\n\n<p class=\"has-text-align-center\"><strong>Plan \u00e0 trois avec mon IA<\/strong> &#8211; Threesome with my AI<\/p>\n\n\n\n<p class=\"has-text-align-center\"><strong>LolitAI<\/strong> <\/p>\n\n\n\n<p class=\"has-text-align-center\"><strong>La vengeance du p\u00e9nis<\/strong> &#8211; Penis Revenge<\/p>\n\n\n\n<p><strong>Le caract\u00e8re \u00e9rotique  mais non pornographique de ces r\u00e9cits nous conduit \u00e0 ne pas les publier en ligne sur ce site avec l&rsquo;avertissement de cette image g\u00e9n\u00e9r\u00e9e par ChatGPT<\/strong><\/p>\n\n\n\n<p><strong>Plusieurs autres seront mises en ligne dans les semaines prochaines. Pour en \u00eatre avis\u00e9, merci de souscrire au site. <\/strong><\/p>\n\n\n\n<p><strong>Le titre est bien \u00e9videmment d\u00e9tourn\u00e9 du <a href=\"https:\/\/fr.wikipedia.org\/wiki\/Tout_ce_que_vous_avez_toujours_voulu_savoir_sur_le_sexe_sans_jamais_oser_le_demander\">film de Woody Allen<\/a>. <\/strong><\/p>\n\n\n\n<p><strong>The Title is a pastiche of the<a href=\"https:\/\/en.wikipedia.org\/wiki\/Everything_You_Always_Wanted_to_Know_About_Sex*_(*But_Were_Afraid_to_Ask)_(film)\"> Woody Allen film<\/a>.<\/strong><\/p>\n\n\n\n<p><strong>We publish on ligne these erotic but not pornographic  stories. <\/strong><\/p>\n\n\n\n<p><strong>More to come! Please subscribe!<\/strong><\/p>\n\n\n\n<figure class=\"wp-block-image size-full\"><img loading=\"lazy\" decoding=\"async\" width=\"1024\" height=\"1536\" src=\"http:\/\/chatgptmatuer.fr\/wp-content\/uploads\/2026\/03\/ChatGPT-Image-Mar-11-2026-07_48_36-PM-1.png\" alt=\"\" class=\"wp-image-291\" srcset=\"https:\/\/chatgptmatuer.fr\/wp-content\/uploads\/2026\/03\/ChatGPT-Image-Mar-11-2026-07_48_36-PM-1.png 1024w, https:\/\/chatgptmatuer.fr\/wp-content\/uploads\/2026\/03\/ChatGPT-Image-Mar-11-2026-07_48_36-PM-1-200x300.png 200w, https:\/\/chatgptmatuer.fr\/wp-content\/uploads\/2026\/03\/ChatGPT-Image-Mar-11-2026-07_48_36-PM-1-683x1024.png 683w, https:\/\/chatgptmatuer.fr\/wp-content\/uploads\/2026\/03\/ChatGPT-Image-Mar-11-2026-07_48_36-PM-1-768x1152.png 768w\" sizes=\"auto, (max-width: 1024px) 100vw, 1024px\" \/><\/figure>\n\n\n\n<p>Image &lsquo;humoristique&rsquo; g\u00e9n\u00e9r\u00e9e par ChatGPT 11\/04\/2026 \/ ChatGPT generated image<\/p>\n","protected":false},"excerpt":{"rendered":"<p>Ces r\u00e9cits sont des fictions inspir\u00e9es, parfois, par des faits rapport\u00e9s par la presse \/ These stories are fictional, some are partly based on real stories AI ! mon dildo ! &#8211; AI! my Dildo! Mon IA m&rsquo;a ghost\u00e9e &#8211; &hellip; <a href=\"https:\/\/chatgptmatuer.fr\/index.php\/tout-ce-que-vous-avez-toujours-voulu-savoir-sur-le-sexe-et-lia-sans-oser-le-demander\/\">Continuer la lecture <span class=\"meta-nav\">&rarr;<\/span><\/a><\/p>\n","protected":false},"author":1,"featured_media":0,"parent":0,"menu_order":0,"comment_status":"closed","ping_status":"closed","template":"","meta":{"jetpack_post_was_ever_published":false,"footnotes":""},"class_list":["post-94","page","type-page","status-publish","hentry"],"jetpack_sharing_enabled":true,"_links":{"self":[{"href":"https:\/\/chatgptmatuer.fr\/index.php\/wp-json\/wp\/v2\/pages\/94","targetHints":{"allow":["GET"]}}],"collection":[{"href":"https:\/\/chatgptmatuer.fr\/index.php\/wp-json\/wp\/v2\/pages"}],"about":[{"href":"https:\/\/chatgptmatuer.fr\/index.php\/wp-json\/wp\/v2\/types\/page"}],"author":[{"embeddable":true,"href":"https:\/\/chatgptmatuer.fr\/index.php\/wp-json\/wp\/v2\/users\/1"}],"replies":[{"embeddable":true,"href":"https:\/\/chatgptmatuer.fr\/index.php\/wp-json\/wp\/v2\/comments?post=94"}],"version-history":[{"count":9,"href":"https:\/\/chatgptmatuer.fr\/index.php\/wp-json\/wp\/v2\/pages\/94\/revisions"}],"predecessor-version":[{"id":358,"href":"https:\/\/chatgptmatuer.fr\/index.php\/wp-json\/wp\/v2\/pages\/94\/revisions\/358"}],"wp:attachment":[{"href":"https:\/\/chatgptmatuer.fr\/index.php\/wp-json\/wp\/v2\/media?parent=94"}],"curies":[{"name":"wp","href":"https:\/\/api.w.org\/{rel}","templated":true}]}}